CRAN Package Check Results for Package boot.heterogeneity

Last updated on 2022-01-23 07:13:53 CET.

Flavor Version Tinstall Tcheck Ttotal Status Flags
r-devel-linux-x86_64-debian-clang 1.1.5 6.94 83.00 89.94 OK
r-devel-linux-x86_64-debian-gcc 1.1.5 6.39 75.22 81.61 OK
r-devel-linux-x86_64-fedora-clang 1.1.5 112.47 NOTE
r-devel-linux-x86_64-fedora-gcc 1.1.5 101.58 NOTE
r-devel-windows-x86_64-new-UL 1.1.5 40.00 113.00 153.00 OK
r-devel-windows-x86_64-new-TK 1.1.5 NOTE
r-patched-linux-x86_64 1.1.5 8.98 80.56 89.54 OK
r-release-linux-x86_64 1.1.5 7.24 80.61 87.85 OK
r-release-macos-arm64 1.1.5 NOTE
r-release-macos-x86_64 1.1.5 NOTE
r-release-windows-ix86+x86_64 1.1.5 17.00 98.00 115.00 OK
r-oldrel-macos-x86_64 1.1.5 NOTE
r-oldrel-windows-ix86+x86_64 1.1.5 19.00 99.00 118.00 OK

Check Details

Version: 1.1.5
Check: dependencies in R code
Result: NOTE
    Namespaces in Imports field not imported from:
     ‘HSAUR3’ ‘knitr’ ‘rmarkdown’
     All declared Imports should be used.
Flavors: r-devel-linux-x86_64-fedora-clang, r-devel-linux-x86_64-fedora-gcc, r-devel-windows-x86_64-new-TK, r-release-macos-arm64, r-release-macos-x86_64, r-oldrel-macos-x86_64