CRAN Package Check Results for Package bold

Last updated on 2022-08-10 07:51:37 CEST.

Flavor Version Tinstall Tcheck Ttotal Status Flags
r-devel-linux-x86_64-debian-clang 1.2.0 5.53 70.35 75.88 OK
r-devel-linux-x86_64-debian-gcc 1.2.0 3.75 54.55 58.30 OK
r-devel-linux-x86_64-fedora-clang 1.2.0 99.17 OK
r-devel-linux-x86_64-fedora-gcc 1.2.0 97.19 OK
r-devel-windows-x86_64 1.2.0 19.00 104.00 123.00 OK
r-patched-linux-x86_64 1.2.0 3.56 69.09 72.65 OK
r-release-linux-x86_64 1.2.0 OK
r-release-macos-arm64 1.2.0 29.00 NOTE
r-release-macos-x86_64 1.2.0 43.00 NOTE
r-release-windows-x86_64 1.2.0 28.00 114.00 142.00 OK
r-oldrel-macos-arm64 1.2.0 37.00 NOTE
r-oldrel-macos-x86_64 1.2.0 46.00 NOTE
r-oldrel-windows-ix86+x86_64 1.2.0 11.00 95.00 106.00 OK

Check Details

Version: 1.2.0
Check: package dependencies
Result: NOTE
    Package suggested but not available for checking: ‘sangerseqR’
Flavors: r-release-macos-arm64, r-release-macos-x86_64, r-oldrel-macos-arm64, r-oldrel-macos-x86_64