CRAN Package Check Results for Package bnpa

Last updated on 2022-08-15 06:49:03 CEST.

Flavor Version Tinstall Tcheck Ttotal Status Flags
r-devel-linux-x86_64-debian-clang 0.3.0 3.72 43.35 47.07 OK
r-devel-linux-x86_64-debian-gcc 0.3.0 2.85 32.73 35.58 OK
r-devel-linux-x86_64-fedora-clang 0.3.0 69.36 NOTE
r-devel-linux-x86_64-fedora-gcc 0.3.0 68.33 NOTE
r-devel-windows-x86_64 0.3.0 14.00 74.00 88.00 OK
r-patched-linux-x86_64 0.3.0 3.44 41.73 45.17 OK
r-release-linux-x86_64 0.3.0 3.52 41.30 44.82 OK
r-release-macos-arm64 0.3.0 22.00 NOTE
r-release-macos-x86_64 0.3.0 36.00 NOTE
r-release-windows-x86_64 0.3.0 15.00 67.00 82.00 OK
r-oldrel-macos-arm64 0.3.0 22.00 OK
r-oldrel-macos-x86_64 0.3.0 34.00 NOTE
r-oldrel-windows-ix86+x86_64 0.3.0 10.00 62.00 72.00 OK

Check Details

Version: 0.3.0
Check: dependencies in R code
Result: NOTE
    Namespaces in Imports field not imported from:
     ‘Rgraphviz’ ‘fastDummies’
     All declared Imports should be used.
Flavors: r-devel-linux-x86_64-fedora-clang, r-devel-linux-x86_64-fedora-gcc, r-release-macos-arm64, r-release-macos-x86_64, r-oldrel-macos-x86_64