CRAN Package Check Results for Package bnclassify

Last updated on 2022-01-23 07:13:53 CET.

Flavor Version Tinstall Tcheck Ttotal Status Flags
r-devel-linux-x86_64-debian-clang 0.4.6 103.85 122.28 226.13 OK
r-devel-linux-x86_64-debian-gcc 0.4.6 69.85 95.15 165.00 OK
r-devel-linux-x86_64-fedora-clang 0.4.6 316.93 NOTE
r-devel-linux-x86_64-fedora-gcc 0.4.6 270.43 OK
r-devel-windows-x86_64-new-UL 0.4.6 305.00 247.00 552.00 OK
r-devel-windows-x86_64-new-TK 0.4.6 OK
r-patched-linux-x86_64 0.4.6 87.59 119.69 207.28 OK
r-release-linux-x86_64 0.4.6 85.52 119.40 204.92 OK
r-release-macos-arm64 0.4.6 NOTE
r-release-macos-x86_64 0.4.6 NOTE
r-release-windows-ix86+x86_64 0.4.6 239.00 224.00 463.00 OK
r-oldrel-macos-x86_64 0.4.6 NOTE
r-oldrel-windows-ix86+x86_64 0.4.6 240.00 227.00 467.00 OK

Check Details

Version: 0.4.6
Check: installed package size
Result: NOTE
     installed size is 6.3Mb
     sub-directories of 1Mb or more:
     libs 5.5Mb
Flavors: r-devel-linux-x86_64-fedora-clang, r-release-macos-arm64, r-release-macos-x86_64, r-oldrel-macos-x86_64