Last updated on 2022-07-07 06:49:48 CEST.
Flavor | Version | Tinstall | Tcheck | Ttotal | Status | Flags |
---|---|---|---|---|---|---|
r-devel-linux-x86_64-debian-clang | 0.1.5 | 2.50 | 175.09 | 177.59 | OK | |
r-devel-linux-x86_64-debian-gcc | 0.1.5 | 2.02 | 117.73 | 119.75 | OK | |
r-devel-linux-x86_64-fedora-clang | 0.1.5 | 210.15 | NOTE | |||
r-devel-linux-x86_64-fedora-gcc | 0.1.5 | 206.42 | OK | |||
r-devel-windows-x86_64 | 0.1.5 | 17.00 | 174.00 | 191.00 | OK | |
r-patched-linux-x86_64 | 0.1.5 | 2.21 | 164.09 | 166.30 | OK | |
r-release-linux-x86_64 | 0.1.5 | 2.51 | 165.57 | 168.08 | OK | |
r-release-macos-arm64 | 0.1.5 | 43.00 | OK | |||
r-release-macos-x86_64 | 0.1.5 | 61.00 | OK | |||
r-release-windows-x86_64 | 0.1.5 | 14.00 | 178.00 | 192.00 | OK | |
r-oldrel-macos-arm64 | 0.1.5 | 46.00 | OK | |||
r-oldrel-macos-x86_64 | 0.1.5 | 65.00 | OK | |||
r-oldrel-windows-ix86+x86_64 | 0.1.5 | 6.00 | 217.00 | 223.00 | OK |
Version: 0.1.5
Check: Rd cross-references
Result: NOTE
Undeclared package ‘np’ in Rd xrefs
Flavor: r-devel-linux-x86_64-fedora-clang