CRAN Package Check Results for Package blatent

Last updated on 2022-06-30 06:49:19 CEST.

Flavor Version Tinstall Tcheck Ttotal Status Flags
r-devel-linux-x86_64-debian-clang 0.1.1 116.71 46.82 163.53 NOTE
r-devel-linux-x86_64-debian-gcc 0.1.1 98.74 35.17 133.91 NOTE
r-devel-linux-x86_64-fedora-clang 0.1.1 267.74 NOTE
r-devel-linux-x86_64-fedora-gcc 0.1.1 246.09 NOTE
r-devel-windows-x86_64 0.1.1 117.00 93.00 210.00 NOTE
r-patched-linux-x86_64 0.1.1 105.42 45.33 150.75 NOTE
r-release-linux-x86_64 0.1.1 108.18 44.86 153.04 NOTE
r-release-macos-arm64 0.1.1 56.00 NOTE
r-release-macos-x86_64 0.1.1 70.00 NOTE
r-release-windows-x86_64 0.1.1 123.00 95.00 218.00 NOTE
r-oldrel-macos-arm64 0.1.1 65.00 NOTE
r-oldrel-macos-x86_64 0.1.1 106.00 NOTE
r-oldrel-windows-ix86+x86_64 0.1.1 303.00 94.00 397.00 NOTE

Check Details

Version: 0.1.1
Check: LazyData
Result: NOTE
     'LazyData' is specified without a 'data' directory
Flavors: r-devel-linux-x86_64-debian-clang, r-devel-linux-x86_64-debian-gcc, r-devel-linux-x86_64-fedora-clang, r-devel-linux-x86_64-fedora-gcc, r-devel-windows-x86_64, r-patched-linux-x86_64, r-release-linux-x86_64, r-release-macos-arm64, r-release-macos-x86_64, r-release-windows-x86_64, r-oldrel-macos-arm64, r-oldrel-macos-x86_64, r-oldrel-windows-ix86+x86_64

Version: 0.1.1
Check: installed package size
Result: NOTE
     installed size is 5.4Mb
     sub-directories of 1Mb or more:
     libs 5.0Mb
Flavor: r-oldrel-macos-arm64