CRAN Package Check Results for Package bite

Last updated on 2022-05-19 07:50:04 CEST.

Flavor Version Tinstall Tcheck Ttotal Status Flags
r-devel-linux-x86_64-debian-clang 0.3 13.30 125.06 138.36 OK
r-devel-linux-x86_64-debian-gcc 0.3 10.09 95.03 105.12 OK
r-devel-linux-x86_64-fedora-clang 0.3 164.84 NOTE
r-devel-linux-x86_64-fedora-gcc 0.3 178.11 NOTE
r-devel-windows-x86_64 0.3 24.00 141.00 165.00 OK
r-patched-linux-x86_64 0.3 15.63 124.19 139.82 OK
r-release-linux-x86_64 0.3 10.82 122.30 133.12 OK
r-release-macos-arm64 0.3 43.00 NOTE
r-release-macos-x86_64 0.3 65.00 NOTE
r-release-windows-x86_64 0.3 28.00 149.00 177.00 OK
r-oldrel-macos-arm64 0.3 98.00 NOTE
r-oldrel-macos-x86_64 0.3 109.00 NOTE
r-oldrel-windows-ix86+x86_64 0.3 29.00 140.00 169.00 OK

Check Details

Version: 0.3
Check: dependencies in R code
Result: NOTE
    Namespace in Imports field not imported from: ‘MASS’
     All declared Imports should be used.
Flavors: r-devel-linux-x86_64-fedora-clang, r-devel-linux-x86_64-fedora-gcc, r-release-macos-arm64, r-release-macos-x86_64, r-oldrel-macos-arm64, r-oldrel-macos-x86_64