CRAN Package Check Results for Package bio3d

Last updated on 2022-05-28 07:55:53 CEST.

Flavor Version Tinstall Tcheck Ttotal Status Flags
r-devel-linux-x86_64-debian-clang 2.4-3 80.27 223.89 304.16 OK
r-devel-linux-x86_64-debian-gcc 2.4-3 66.74 161.84 228.58 OK
r-devel-linux-x86_64-fedora-clang 2.4-3 374.88 NOTE
r-devel-linux-x86_64-fedora-gcc 2.4-3 383.42 NOTE
r-devel-windows-x86_64 2.4-3 153.00 270.00 423.00 OK
r-patched-linux-x86_64 2.4-3 75.86 205.93 281.79 OK
r-release-linux-x86_64 2.4-3 74.31 205.98 280.29 OK
r-release-macos-arm64 2.4-3 85.00 NOTE
r-release-macos-x86_64 2.4-3 124.00 NOTE
r-release-windows-x86_64 2.4-3 151.00 273.00 424.00 OK
r-oldrel-macos-arm64 2.4-3 83.00 NOTE
r-oldrel-macos-x86_64 2.4-3 161.00 NOTE
r-oldrel-windows-ix86+x86_64 2.4-3 177.00 322.00 499.00 NOTE

Check Details

Version: 2.4-3
Check: package dependencies
Result: NOTE
    Package suggested but not available for checking: ‘msa’
Flavors: r-devel-linux-x86_64-fedora-clang, r-devel-linux-x86_64-fedora-gcc, r-release-macos-x86_64, r-oldrel-macos-arm64, r-oldrel-macos-x86_64

Version: 2.4-3
Check: installed package size
Result: NOTE
     installed size is 5.7Mb
     sub-directories of 1Mb or more:
     libs 2.0Mb
Flavors: r-devel-linux-x86_64-fedora-clang, r-release-macos-arm64, r-release-macos-x86_64, r-oldrel-macos-arm64, r-oldrel-macos-x86_64, r-oldrel-windows-ix86+x86_64

Version: 2.4-3
Check: package dependencies
Result: NOTE
    Packages suggested but not available for checking: 'msa', 'Biostrings'
Flavor: r-release-macos-arm64