CRAN Package Check Results for Package billboard

Last updated on 2022-05-26 06:55:36 CEST.

Flavor Version Tinstall Tcheck Ttotal Status Flags
r-devel-linux-x86_64-debian-clang 0.1.0 2.99 32.72 35.71 OK
r-devel-linux-x86_64-debian-gcc 0.1.0 3.73 28.62 32.35 OK
r-devel-linux-x86_64-fedora-clang 0.1.0 45.23 NOTE
r-devel-linux-x86_64-fedora-gcc 0.1.0 43.92 NOTE
r-devel-windows-x86_64 0.1.0 17.00 50.00 67.00 OK
r-patched-linux-x86_64 0.1.0 4.41 31.65 36.06 OK
r-release-linux-x86_64 0.1.0 OK
r-release-macos-arm64 0.1.0 17.00 NOTE
r-release-macos-x86_64 0.1.0 25.00 NOTE
r-release-windows-x86_64 0.1.0 16.00 48.00 64.00 OK
r-oldrel-macos-arm64 0.1.0 22.00 NOTE
r-oldrel-macos-x86_64 0.1.0 30.00 NOTE
r-oldrel-windows-ix86+x86_64 0.1.0 9.00 42.00 51.00 OK

Check Details

Version: 0.1.0
Check: dependencies in R code
Result: NOTE
    Namespace in Imports field not imported from: ‘tibble’
     All declared Imports should be used.
Flavors: r-devel-linux-x86_64-fedora-clang, r-devel-linux-x86_64-fedora-gcc, r-release-macos-arm64, r-release-macos-x86_64, r-oldrel-macos-arm64, r-oldrel-macos-x86_64

Version: 0.1.0
Check: data for non-ASCII characters
Result: NOTE
     Note: found 660 marked UTF-8 strings
Flavors: r-devel-linux-x86_64-fedora-clang, r-devel-linux-x86_64-fedora-gcc, r-release-macos-arm64, r-release-macos-x86_64, r-oldrel-macos-arm64, r-oldrel-macos-x86_64