Last updated on 2022-05-16 06:52:19 CEST.
Flavor | Version | Tinstall | Tcheck | Ttotal | Status | Flags |
---|---|---|---|---|---|---|
r-devel-linux-x86_64-debian-clang | 0.2.1 | 75.61 | 73.84 | 149.45 | OK | |
r-devel-linux-x86_64-debian-gcc | 0.2.1 | 58.76 | 55.72 | 114.48 | OK | |
r-devel-linux-x86_64-fedora-clang | 0.2.1 | 205.24 | OK | |||
r-devel-linux-x86_64-fedora-gcc | 0.2.1 | 187.66 | OK | |||
r-devel-windows-x86_64 | 0.2.1 | 94.00 | 125.00 | 219.00 | OK | |
r-patched-linux-x86_64 | 0.2.1 | 61.70 | 70.67 | 132.37 | OK | |
r-release-linux-x86_64 | 0.2.1 | 60.97 | 71.19 | 132.16 | OK | |
r-release-macos-arm64 | 0.2.1 | 54.00 | NOTE | |||
r-release-macos-x86_64 | 0.2.1 | 86.00 | NOTE | |||
r-release-windows-x86_64 | 0.2.1 | 128.00 | 120.00 | 248.00 | OK | |
r-oldrel-macos-arm64 | 0.2.1 | 55.00 | NOTE | |||
r-oldrel-macos-x86_64 | 0.2.1 | 74.00 | NOTE | |||
r-oldrel-windows-ix86+x86_64 | 0.2.1 | 177.00 | 137.00 | 314.00 | OK |
Version: 0.2.1
Check: installed package size
Result: NOTE
installed size is 6.6Mb
sub-directories of 1Mb or more:
help 1.5Mb
libs 4.8Mb
Flavors: r-release-macos-arm64, r-release-macos-x86_64, r-oldrel-macos-arm64, r-oldrel-macos-x86_64