CRAN Package Check Results for Package bigstatsr

Last updated on 2022-07-06 06:52:45 CEST.

Flavor Version Tinstall Tcheck Ttotal Status Flags
r-devel-linux-x86_64-debian-clang 1.5.6 229.01 248.34 477.35 OK
r-devel-linux-x86_64-debian-gcc 1.5.6 187.79 185.03 372.82 OK
r-devel-linux-x86_64-fedora-clang 1.5.6 655.83 NOTE
r-devel-linux-x86_64-fedora-gcc 1.5.6 600.63 OK
r-devel-windows-x86_64 1.5.6 249.00 303.00 552.00 OK
r-patched-linux-x86_64 1.5.6 191.11 237.30 428.41 OK
r-release-linux-x86_64 1.5.6 202.25 234.00 436.25 OK
r-release-macos-arm64 1.5.6 149.00 NOTE
r-release-macos-x86_64 1.5.6 288.00 NOTE
r-release-windows-x86_64 1.5.6 273.00 318.00 591.00 OK
r-oldrel-macos-arm64 1.5.6 128.00 NOTE
r-oldrel-macos-x86_64 1.5.6 196.00 NOTE
r-oldrel-windows-ix86+x86_64 1.5.6 632.00 524.00 1156.00 NOTE

Check Details

Version: 1.5.6
Check: installed package size
Result: NOTE
     installed size is 10.2Mb
     sub-directories of 1Mb or more:
     extdata 2.3Mb
     libs 7.1Mb
Flavors: r-devel-linux-x86_64-fedora-clang, r-release-macos-arm64, r-release-macos-x86_64, r-oldrel-macos-arm64, r-oldrel-macos-x86_64, r-oldrel-windows-ix86+x86_64