CRAN Package Check Results for Package biglasso

Last updated on 2022-05-17 07:53:00 CEST.

Flavor Version Tinstall Tcheck Ttotal Status Flags
r-devel-linux-x86_64-debian-clang 1.5.1 117.94 126.72 244.66 OK
r-devel-linux-x86_64-debian-gcc 1.5.1 89.39 96.45 185.84 OK
r-devel-linux-x86_64-fedora-clang 1.5.1 324.12 OK
r-devel-linux-x86_64-fedora-gcc 1.5.1 301.51 OK
r-devel-windows-x86_64 1.5.1 103.00 203.00 306.00 OK
r-patched-linux-x86_64 1.5.1 99.84 121.07 220.91 OK
r-release-linux-x86_64 1.5.1 91.79 119.09 210.88 OK
r-release-macos-arm64 1.5.1 81.00 NOTE
r-release-macos-x86_64 1.5.1 116.00 NOTE
r-release-windows-x86_64 1.5.1 105.00 196.00 301.00 OK
r-oldrel-macos-arm64 1.5.1 81.00 NOTE
r-oldrel-macos-x86_64 1.5.1 112.00 NOTE
r-oldrel-windows-ix86+x86_64 1.5.1 277.00 224.00 501.00 OK

Check Details

Version: 1.5.1
Check: installed package size
Result: NOTE
     installed size is 5.3Mb
     sub-directories of 1Mb or more:
     libs 4.4Mb
Flavors: r-release-macos-arm64, r-release-macos-x86_64, r-oldrel-macos-arm64, r-oldrel-macos-x86_64