CRAN Package Check Results for Package bigQueryR

Last updated on 2022-01-22 06:48:47 CET.

Flavor Version Tinstall Tcheck Ttotal Status Flags
r-devel-linux-x86_64-debian-clang 0.5.0 5.36 49.60 54.96 NOTE
r-devel-linux-x86_64-debian-gcc 0.5.0 3.95 38.72 42.67 NOTE
r-devel-linux-x86_64-fedora-clang 0.5.0 67.03 NOTE
r-devel-linux-x86_64-fedora-gcc 0.5.0 57.31 NOTE
r-devel-windows-x86_64-new-UL 0.5.0 55.00 80.00 135.00 NOTE
r-devel-windows-x86_64-new-TK 0.5.0 NOTE
r-patched-linux-x86_64 0.5.0 4.25 47.45 51.70 NOTE
r-release-linux-x86_64 0.5.0 5.01 47.75 52.76 NOTE
r-release-macos-arm64 0.5.0 NOTE
r-release-macos-x86_64 0.5.0 NOTE
r-release-windows-ix86+x86_64 0.5.0 11.00 60.00 71.00 NOTE
r-oldrel-macos-x86_64 0.5.0 OK
r-oldrel-windows-ix86+x86_64 0.5.0 11.00 61.00 72.00 OK

Check Details

Version: 0.5.0
Check: LazyData
Result: NOTE
     'LazyData' is specified without a 'data' directory
Flavors: r-devel-linux-x86_64-debian-clang, r-devel-linux-x86_64-debian-gcc, r-devel-linux-x86_64-fedora-clang, r-devel-linux-x86_64-fedora-gcc, r-devel-windows-x86_64-new-UL, r-devel-windows-x86_64-new-TK, r-patched-linux-x86_64, r-release-linux-x86_64, r-release-macos-arm64, r-release-macos-x86_64, r-release-windows-ix86+x86_64

Version: 0.5.0
Check: Rd cross-references
Result: NOTE
    Undeclared package ‘bigrquery’ in Rd xrefs
Flavor: r-devel-linux-x86_64-fedora-clang