CRAN Package Check Results for Package bigMap

Last updated on 2022-01-22 06:48:47 CET.

Flavor Version Tinstall Tcheck Ttotal Status Flags
r-devel-linux-x86_64-debian-clang 2.3.1 62.62 115.20 177.82 NOTE
r-devel-linux-x86_64-debian-gcc 2.3.1 48.86 82.79 131.65 NOTE
r-devel-linux-x86_64-fedora-clang 2.3.1 242.76 NOTE
r-devel-linux-x86_64-fedora-gcc 2.3.1 225.17 NOTE
r-devel-windows-x86_64-new-UL 2.3.1 82.00 162.00 244.00 NOTE
r-devel-windows-x86_64-new-TK 2.3.1 NOTE
r-patched-linux-x86_64 2.3.1 55.92 109.07 164.99 NOTE
r-release-linux-x86_64 2.3.1 61.35 109.13 170.48 NOTE
r-release-macos-arm64 2.3.1 NOTE
r-release-macos-x86_64 2.3.1 NOTE
r-release-windows-ix86+x86_64 2.3.1 174.00 167.00 341.00 NOTE
r-oldrel-macos-x86_64 2.3.1 NOTE
r-oldrel-windows-ix86+x86_64 2.3.1 172.00 174.00 346.00 NOTE

Check Details

Version: 2.3.1
Check: for GNU extensions in Makefiles
Result: NOTE
    GNU make is a SystemRequirements.
Flavors: r-devel-linux-x86_64-debian-clang, r-devel-linux-x86_64-debian-gcc, r-devel-linux-x86_64-fedora-clang, r-devel-linux-x86_64-fedora-gcc, r-devel-windows-x86_64-new-UL, r-devel-windows-x86_64-new-TK, r-patched-linux-x86_64, r-release-linux-x86_64, r-release-macos-arm64, r-release-macos-x86_64, r-release-windows-ix86+x86_64, r-oldrel-macos-x86_64, r-oldrel-windows-ix86+x86_64

Version: 2.3.1
Check: installed package size
Result: NOTE
     installed size is 5.8Mb
     sub-directories of 1Mb or more:
     doc 1.8Mb
     extdata 1.9Mb
     libs 1.8Mb
Flavors: r-devel-linux-x86_64-fedora-clang, r-release-macos-arm64, r-release-macos-x86_64, r-release-windows-ix86+x86_64, r-oldrel-macos-x86_64, r-oldrel-windows-ix86+x86_64