CRAN Package Check Results for Package bibliometrix

Last updated on 2022-01-26 06:50:08 CET.

Flavor Version Tinstall Tcheck Ttotal Status Flags
r-devel-linux-x86_64-debian-clang 3.1.4 24.71 241.87 266.58 OK
r-devel-linux-x86_64-debian-gcc 3.1.4 17.20 183.63 200.83 OK
r-devel-linux-x86_64-fedora-clang 3.1.4 312.18 NOTE
r-devel-linux-x86_64-fedora-gcc 3.1.4 306.38 OK
r-devel-windows-x86_64-new-UL 3.1.4 106.00 266.00 372.00 OK
r-devel-windows-x86_64-new-TK 3.1.4 ERROR
r-patched-linux-x86_64 3.1.4 28.25 225.19 253.44 OK
r-release-linux-x86_64 3.1.4 23.01 227.60 250.61 OK
r-release-macos-arm64 3.1.4 OK
r-release-macos-x86_64 3.1.4 OK
r-release-windows-ix86+x86_64 3.1.4 31.00 278.00 309.00 OK
r-oldrel-macos-x86_64 3.1.4 OK
r-oldrel-windows-ix86+x86_64 3.1.4 51.00 268.00 319.00 OK

Check Details

Version: 3.1.4
Check: package dependencies
Result: NOTE
    Imports includes 24 non-default packages.
    Importing from so many packages makes the package vulnerable to any of
    them becoming unavailable. Move as many as possible to Suggests and
    use conditionally.
Flavor: r-devel-linux-x86_64-fedora-clang

Version: 3.1.4
Check: package dependencies
Result: ERROR
    Packages required but not available: 'factoextra', 'FactoMineR'
    
    See section 'The DESCRIPTION file' in the 'Writing R Extensions'
    manual.
Flavor: r-devel-windows-x86_64-new-TK