Last updated on 2022-05-26 06:55:35 CEST.
Flavor | Version | Tinstall | Tcheck | Ttotal | Status | Flags |
---|---|---|---|---|---|---|
r-devel-linux-x86_64-debian-clang | 0.0.1 | 238.48 | 122.63 | 361.11 | NOTE | |
r-devel-linux-x86_64-debian-gcc | 0.0.1 | 233.59 | 115.02 | 348.61 | NOTE | |
r-devel-linux-x86_64-fedora-clang | 0.0.1 | 502.89 | NOTE | |||
r-devel-linux-x86_64-fedora-gcc | 0.0.1 | 519.99 | NOTE | |||
r-devel-windows-x86_64 | 0.0.1 | 182.00 | 181.00 | 363.00 | NOTE | |
r-patched-linux-x86_64 | 0.0.1 | 0.02 | 11.28 | 11.30 | ERROR | |
r-release-linux-x86_64 | 0.0.1 | NOTE | ||||
r-release-macos-arm64 | 0.0.1 | 130.00 | NOTE | |||
r-release-macos-x86_64 | 0.0.1 | 230.00 | NOTE | |||
r-release-windows-x86_64 | 0.0.1 | 171.00 | 179.00 | 350.00 | NOTE | |
r-oldrel-macos-arm64 | 0.0.1 | 148.00 | NOTE | |||
r-oldrel-macos-x86_64 | 0.0.1 | 264.00 | NOTE | |||
r-oldrel-windows-ix86+x86_64 | 0.0.1 | 552.00 | 228.00 | 780.00 | NOTE |
Version: 0.0.1
Check: for GNU extensions in Makefiles
Result: NOTE
GNU make is a SystemRequirements.
Flavors: r-devel-linux-x86_64-debian-clang, r-devel-linux-x86_64-debian-gcc, r-devel-linux-x86_64-fedora-clang, r-devel-linux-x86_64-fedora-gcc, r-devel-windows-x86_64, r-release-linux-x86_64, r-release-macos-arm64, r-release-macos-x86_64, r-release-windows-x86_64, r-oldrel-macos-arm64, r-oldrel-macos-x86_64, r-oldrel-windows-ix86+x86_64
Version: 0.0.1
Check: installed package size
Result: NOTE
installed size is 31.2Mb
sub-directories of 1Mb or more:
libs 30.9Mb
Flavors: r-devel-linux-x86_64-fedora-clang, r-release-macos-arm64, r-release-macos-x86_64, r-oldrel-macos-arm64, r-oldrel-macos-x86_64, r-oldrel-windows-ix86+x86_64
Version: 0.0.1
Check: dependencies in R code
Result: NOTE
Namespace in Imports field not imported from: ‘rstantools’
All declared Imports should be used.
Flavors: r-devel-linux-x86_64-fedora-clang, r-devel-linux-x86_64-fedora-gcc, r-release-macos-arm64, r-release-macos-x86_64, r-oldrel-macos-arm64, r-oldrel-macos-x86_64
Version: 0.0.1
Check: whether package can be installed
Result: ERROR
Installation failed.
Flavor: r-patched-linux-x86_64