CRAN Package Check Results for Package beanz

Last updated on 2022-01-22 06:48:47 CET.

Flavor Version Tinstall Tcheck Ttotal Status Flags
r-devel-linux-x86_64-debian-clang 2.4 729.43 239.58 969.01 NOTE
r-devel-linux-x86_64-debian-gcc 2.4 620.85 206.00 826.85 NOTE
r-devel-linux-x86_64-fedora-clang 2.4 1402.90 NOTE
r-devel-linux-x86_64-fedora-gcc 2.4 1527.58 NOTE
r-devel-windows-x86_64-new-UL 2.4 464.00 326.00 790.00 NOTE
r-devel-windows-x86_64-new-TK 2.4 NOTE
r-patched-linux-x86_64 2.4 531.48 265.98 797.46 NOTE
r-release-linux-x86_64 2.4 570.75 263.72 834.47 NOTE
r-release-macos-arm64 2.4 NOTE
r-release-macos-x86_64 2.4 NOTE
r-release-windows-ix86+x86_64 2.4 1645.00 431.00 2076.00 NOTE
r-oldrel-macos-x86_64 2.4 NOTE
r-oldrel-windows-ix86+x86_64 2.4 187.00 10.00 197.00 ERROR

Check Details

Version: 2.4
Check: for GNU extensions in Makefiles
Result: NOTE
    GNU make is a SystemRequirements.
Flavors: r-devel-linux-x86_64-debian-clang, r-devel-linux-x86_64-debian-gcc, r-devel-linux-x86_64-fedora-clang, r-devel-linux-x86_64-fedora-gcc, r-devel-windows-x86_64-new-UL, r-devel-windows-x86_64-new-TK, r-patched-linux-x86_64, r-release-linux-x86_64, r-release-macos-arm64, r-release-macos-x86_64, r-release-windows-ix86+x86_64, r-oldrel-macos-x86_64

Version: 2.4
Check: installed package size
Result: NOTE
     installed size is 87.5Mb
     sub-directories of 1Mb or more:
     libs 86.0Mb
Flavors: r-devel-linux-x86_64-fedora-clang, r-devel-windows-x86_64-new-UL, r-release-macos-arm64, r-release-macos-x86_64, r-release-windows-ix86+x86_64, r-oldrel-macos-x86_64

Version: 2.4
Check: dependencies in R code
Result: NOTE
    Namespace in Imports field not imported from: ‘rstantools’
     All declared Imports should be used.
Flavors: r-devel-linux-x86_64-fedora-clang, r-devel-linux-x86_64-fedora-gcc, r-devel-windows-x86_64-new-TK, r-release-macos-arm64, r-release-macos-x86_64, r-oldrel-macos-x86_64

Version: 2.4
Check: line endings in C/C++/Fortran sources/headers
Result: NOTE
    Found the following sources/headers with CR or CRLF line endings:
     src/stan_files/bs.hpp
     src/stan_files/ds.hpp
     src/stan_files/eds.hpp
     src/stan_files/fs.hpp
     src/stan_files/nse.hpp
     src/stan_files/sr.hpp
     src/stan_files/srs.hpp
    Some Unix compilers require LF line endings.
Flavor: r-devel-windows-x86_64-new-TK

Version: 2.4
Check: whether package can be installed
Result: ERROR
    Installation failed.
Flavor: r-oldrel-windows-ix86+x86_64