CRAN Package Check Results for Package bea.R

Last updated on 2022-08-13 07:55:16 CEST.

Flavor Version Tinstall Tcheck Ttotal Status Flags
r-devel-linux-x86_64-debian-clang 1.0.6 8.53 75.81 84.34 OK
r-devel-linux-x86_64-debian-gcc 1.0.6 6.07 55.67 61.74 OK
r-devel-linux-x86_64-fedora-clang 1.0.6 110.11 NOTE
r-devel-linux-x86_64-fedora-gcc 1.0.6 106.57 NOTE
r-devel-windows-x86_64 1.0.6 15.00 98.00 113.00 OK
r-patched-linux-x86_64 1.0.6 8.30 71.16 79.46 OK
r-release-linux-x86_64 1.0.6 8.50 70.74 79.24 OK
r-release-macos-arm64 1.0.6 30.00 NOTE
r-release-macos-x86_64 1.0.6 58.00 NOTE
r-release-windows-x86_64 1.0.6 14.00 93.00 107.00 OK
r-oldrel-macos-arm64 1.0.6 34.00 NOTE
r-oldrel-macos-x86_64 1.0.6 57.00 NOTE
r-oldrel-windows-ix86+x86_64 1.0.6 22.00 92.00 114.00 OK

Check Details

Version: 1.0.6
Check: package dependencies
Result: NOTE
    Imports includes 22 non-default packages.
    Importing from so many packages makes the package vulnerable to any of
    them becoming unavailable. Move as many as possible to Suggests and
    use conditionally.
Flavor: r-devel-linux-x86_64-fedora-clang

Version: 1.0.6
Check: dependencies in R code
Result: NOTE
    Namespaces in Imports field not imported from:
     ‘Rcpp’ ‘chron’ ‘colorspace’ ‘gtable’ ‘htmltools’ ‘htmlwidgets’
     ‘httpuv’ ‘magrittr’ ‘munsell’ ‘plyr’ ‘scales’ ‘stringi’ ‘xtable’
     ‘yaml’
     All declared Imports should be used.
Flavors: r-devel-linux-x86_64-fedora-clang, r-devel-linux-x86_64-fedora-gcc, r-release-macos-arm64, r-release-macos-x86_64, r-oldrel-macos-arm64, r-oldrel-macos-x86_64