CRAN Package Check Results for Package bayesrules

Last updated on 2022-01-25 07:49:59 CET.

Flavor Version Tinstall Tcheck Ttotal Status Flags
r-devel-linux-x86_64-debian-clang 0.0.2 23.20 239.56 262.76 OK
r-devel-linux-x86_64-debian-gcc 0.0.2 23.13 199.08 222.21 OK
r-devel-linux-x86_64-fedora-clang 0.0.2 320.45 NOTE
r-devel-linux-x86_64-fedora-gcc 0.0.2 325.13 NOTE
r-devel-windows-x86_64-new-UL 0.0.2 129.00 278.00 407.00 OK
r-devel-windows-x86_64-new-TK 0.0.2 ERROR
r-patched-linux-x86_64 0.0.2 25.73 233.03 258.76 OK
r-release-linux-x86_64 0.0.2 25.34 236.16 261.50 OK
r-release-macos-arm64 0.0.2 NOTE
r-release-macos-x86_64 0.0.2 NOTE
r-release-windows-ix86+x86_64 0.0.2 61.00 277.00 338.00 OK
r-oldrel-macos-x86_64 0.0.2 NOTE
r-oldrel-windows-ix86+x86_64 0.0.2 64.00 280.00 344.00 OK

Check Details

Version: 0.0.2
Check: data for non-ASCII characters
Result: NOTE
     Note: found 1924 marked UTF-8 strings
Flavors: r-devel-linux-x86_64-fedora-clang, r-devel-linux-x86_64-fedora-gcc, r-release-macos-arm64, r-release-macos-x86_64, r-oldrel-macos-x86_64

Version: 0.0.2
Check: package dependencies
Result: ERROR
    Package required but not available: 'rstanarm'
    
    See section 'The DESCRIPTION file' in the 'Writing R Extensions'
    manual.
Flavor: r-devel-windows-x86_64-new-TK