Last updated on 2022-07-05 07:50:49 CEST.
Flavor | Version | Tinstall | Tcheck | Ttotal | Status | Flags |
---|---|---|---|---|---|---|
r-devel-linux-x86_64-debian-clang | 1.9.0 | 14.89 | 584.16 | 599.05 | OK | |
r-devel-linux-x86_64-debian-gcc | 1.9.0 | 12.08 | 394.19 | 406.27 | OK | |
r-devel-linux-x86_64-fedora-clang | 1.9.0 | 654.50 | NOTE | |||
r-devel-linux-x86_64-fedora-gcc | 1.9.0 | 668.25 | OK | |||
r-devel-windows-x86_64 | 1.9.0 | 112.00 | 550.00 | 662.00 | NOTE | |
r-patched-linux-x86_64 | 1.9.0 | 21.49 | 530.08 | 551.57 | OK | |
r-release-linux-x86_64 | 1.9.0 | 11.77 | 533.53 | 545.30 | OK | |
r-release-macos-arm64 | 1.9.0 | 147.00 | NOTE | |||
r-release-macos-x86_64 | 1.9.0 | 248.00 | NOTE | |||
r-release-windows-x86_64 | 1.9.0 | 129.00 | 543.00 | 672.00 | NOTE | |
r-oldrel-macos-arm64 | 1.9.0 | 141.00 | NOTE | |||
r-oldrel-macos-x86_64 | 1.9.0 | 193.00 | NOTE | |||
r-oldrel-windows-ix86+x86_64 | 1.9.0 | 30.00 | 618.00 | 648.00 | NOTE |
Version: 1.9.0
Check: installed package size
Result: NOTE
installed size is 6.4Mb
sub-directories of 1Mb or more:
R 1.9Mb
doc 3.8Mb
Flavors: r-devel-linux-x86_64-fedora-clang, r-devel-windows-x86_64, r-release-macos-arm64, r-release-macos-x86_64, r-release-windows-x86_64, r-oldrel-macos-arm64, r-oldrel-macos-x86_64, r-oldrel-windows-ix86+x86_64