Last updated on 2022-05-16 06:52:18 CEST.
Flavor | Version | Tinstall | Tcheck | Ttotal | Status | Flags |
---|---|---|---|---|---|---|
r-devel-linux-x86_64-debian-clang | 7.1-1 | 23.47 | 131.12 | 154.59 | OK | |
r-devel-linux-x86_64-debian-gcc | 7.1-1 | 16.06 | 95.14 | 111.20 | OK | |
r-devel-linux-x86_64-fedora-clang | 7.1-1 | 173.23 | NOTE | |||
r-devel-linux-x86_64-fedora-gcc | 7.1-1 | 175.58 | OK | |||
r-devel-windows-x86_64 | 7.1-1 | 1265.00 | 173.00 | 1438.00 | OK | |
r-patched-linux-x86_64 | 7.1-1 | 19.65 | 123.31 | 142.96 | OK | |
r-release-linux-x86_64 | 7.1-1 | 18.63 | 118.54 | 137.17 | OK | |
r-release-macos-arm64 | 7.1-1 | 45.00 | NOTE | |||
r-release-macos-x86_64 | 7.1-1 | 62.00 | NOTE | |||
r-release-windows-x86_64 | 7.1-1 | 1329.00 | 163.00 | 1492.00 | OK | |
r-oldrel-macos-arm64 | 7.1-1 | 45.00 | NOTE | |||
r-oldrel-macos-x86_64 | 7.1-1 | 67.00 | NOTE | |||
r-oldrel-windows-ix86+x86_64 | 7.1-1 | 37.00 | 168.00 | 205.00 | OK |
Version: 7.1-1
Check: installed package size
Result: NOTE
installed size is 5.8Mb
sub-directories of 1Mb or more:
ex-data 4.7Mb
Flavors: r-devel-linux-x86_64-fedora-clang, r-release-macos-arm64, r-release-macos-x86_64, r-oldrel-macos-arm64, r-oldrel-macos-x86_64