CRAN Package Check Results for Package bayesLife

Last updated on 2022-07-07 06:49:47 CEST.

Flavor Version Tinstall Tcheck Ttotal Status Flags
r-devel-linux-x86_64-debian-clang 5.0-3 13.71 91.92 105.63 OK
r-devel-linux-x86_64-debian-gcc 5.0-3 9.76 67.83 77.59 OK
r-devel-linux-x86_64-fedora-clang 5.0-3 132.21 NOTE
r-devel-linux-x86_64-fedora-gcc 5.0-3 130.29 OK
r-devel-windows-x86_64 5.0-3 372.00 142.00 514.00 OK
r-patched-linux-x86_64 5.0-3 11.42 85.15 96.57 OK
r-release-linux-x86_64 5.0-3 12.45 83.80 96.25 OK
r-release-macos-arm64 5.0-3 41.00 OK
r-release-macos-x86_64 5.0-3 64.00 OK
r-release-windows-x86_64 5.0-3 606.00 146.00 752.00 OK
r-oldrel-macos-arm64 5.0-3 46.00 OK
r-oldrel-macos-x86_64 5.0-3 62.00 OK
r-oldrel-windows-ix86+x86_64 5.0-3 29.00 153.00 182.00 OK

Check Details

Version: 5.0-3
Check: Rd cross-references
Result: NOTE
    Undeclared packages ‘rworldmap’, ‘snowFT’ in Rd xrefs
Flavor: r-devel-linux-x86_64-fedora-clang