CRAN Package Check Results for Package bayesDP

Last updated on 2022-07-03 07:51:47 CEST.

Flavor Version Tinstall Tcheck Ttotal Status Flags
r-devel-linux-x86_64-debian-clang 1.3.6 59.49 161.09 220.58 OK
r-devel-linux-x86_64-debian-gcc 1.3.6 47.55 119.58 167.13 OK
r-devel-linux-x86_64-fedora-clang 1.3.6 286.90 OK
r-devel-linux-x86_64-fedora-gcc 1.3.6 277.65 OK
r-devel-windows-x86_64 1.3.6 393.00 201.00 594.00 OK
r-patched-linux-x86_64 1.3.6 53.87 151.98 205.85 OK
r-release-linux-x86_64 1.3.6 51.12 151.30 202.42 OK
r-release-macos-arm64 1.3.6 81.00 NOTE
r-release-macos-x86_64 1.3.6 109.00 NOTE
r-release-windows-x86_64 1.3.6 74.00 201.00 275.00 OK
r-oldrel-macos-arm64 1.3.6 70.00 NOTE
r-oldrel-macos-x86_64 1.3.6 108.00 NOTE
r-oldrel-windows-ix86+x86_64 1.3.6 147.00 247.00 394.00 NOTE

Check Details

Version: 1.3.6
Check: installed package size
Result: NOTE
     installed size is 5.4Mb
     sub-directories of 1Mb or more:
     doc 2.2Mb
     libs 2.6Mb
Flavors: r-release-macos-arm64, r-release-macos-x86_64, r-oldrel-macos-arm64, r-oldrel-macos-x86_64, r-oldrel-windows-ix86+x86_64