CRAN Package Check Results for Package basictabler

Last updated on 2022-01-20 06:49:13 CET.

Flavor Version Tinstall Tcheck Ttotal Status Flags
r-devel-linux-x86_64-debian-clang 1.0.2 OK
r-devel-linux-x86_64-debian-gcc 1.0.2 20.58 90.27 110.85 OK
r-devel-linux-x86_64-fedora-clang 1.0.2 176.76 OK
r-devel-linux-x86_64-fedora-gcc 1.0.2 162.92 OK
r-devel-windows-x86_64-new-UL 1.0.2 150.00 172.00 322.00 OK
r-devel-windows-x86_64-new-TK 1.0.2 OK
r-patched-linux-x86_64 1.0.2 25.25 125.27 150.52 OK
r-release-linux-x86_64 1.0.2 OK
r-release-macos-arm64 1.0.2 OK
r-release-macos-x86_64 1.0.2 WARN
r-release-windows-ix86+x86_64 1.0.2 38.00 162.00 200.00 OK
r-oldrel-macos-x86_64 1.0.2 WARN
r-oldrel-windows-ix86+x86_64 1.0.2 39.00 156.00 195.00 OK

Check Details

Version: 1.0.2
Check: re-building of vignette outputs
Result: WARN
    Error(s) in re-building vignettes:
    --- re-building ‘v01-introduction.Rmd’ using rmarkdown
    Warning in engine$weave(file, quiet = quiet, encoding = enc) :
     Pandoc (>= 1.12.3) not available. Falling back to R Markdown v1.
    PhantomJS not found. You can install it with webshot::install_phantomjs(). If it is installed, please make sure the phantomjs executable can be found via the PATH variable.
    PhantomJS not found. You can install it with webshot::install_phantomjs(). If it is installed, please make sure the phantomjs executable can be found via the PATH variable.
    Quitting from lines 46-49 (v01-introduction.Rmd)
    Error: processing vignette 'v01-introduction.Rmd' failed with diagnostics:
    invalid 'path' argument
    --- failed re-building ‘v01-introduction.Rmd’
    
    --- re-building ‘v02-workingwithcells.Rmd’ using rmarkdown
    Warning in engine$weave(file, quiet = quiet, encoding = enc) :
     Pandoc (>= 1.12.3) not available. Falling back to R Markdown v1.
    PhantomJS not found. You can install it with webshot::install_phantomjs(). If it is installed, please make sure the phantomjs executable can be found via the PATH variable.
    PhantomJS not found. You can install it with webshot::install_phantomjs(). If it is installed, please make sure the phantomjs executable can be found via the PATH variable.
    Quitting from lines 55-74 (v02-workingwithcells.Rmd)
    Error: processing vignette 'v02-workingwithcells.Rmd' failed with diagnostics:
    invalid 'path' argument
    --- failed re-building ‘v02-workingwithcells.Rmd’
    
    --- re-building ‘v03-outputs.Rmd’ using rmarkdown
    Warning in engine$weave(file, quiet = quiet, encoding = enc) :
     Pandoc (>= 1.12.3) not available. Falling back to R Markdown v1.
    PhantomJS not found. You can install it with webshot::install_phantomjs(). If it is installed, please make sure the phantomjs executable can be found via the PATH variable.
    PhantomJS not found. You can install it with webshot::install_phantomjs(). If it is installed, please make sure the phantomjs executable can be found via the PATH variable.
    Quitting from lines 45-59 (v03-outputs.Rmd)
    Error: processing vignette 'v03-outputs.Rmd' failed with diagnostics:
    invalid 'path' argument
    --- failed re-building ‘v03-outputs.Rmd’
    
    --- re-building ‘v04-styling.Rmd’ using rmarkdown
    Warning in engine$weave(file, quiet = quiet, encoding = enc) :
     Pandoc (>= 1.12.3) not available. Falling back to R Markdown v1.
    PhantomJS not found. You can install it with webshot::install_phantomjs(). If it is installed, please make sure the phantomjs executable can be found via the PATH variable.
    PhantomJS not found. You can install it with webshot::install_phantomjs(). If it is installed, please make sure the phantomjs executable can be found via the PATH variable.
    Quitting from lines 103-120 (v04-styling.Rmd)
    Error: processing vignette 'v04-styling.Rmd' failed with diagnostics:
    invalid 'path' argument
    --- failed re-building ‘v04-styling.Rmd’
    
    --- re-building ‘v05-findingandformatting.Rmd’ using rmarkdown
    Warning in engine$weave(file, quiet = quiet, encoding = enc) :
     Pandoc (>= 1.12.3) not available. Falling back to R Markdown v1.
    
    Attaching package: 'dplyr'
    
    The following objects are masked from 'package:stats':
    
     filter, lag
    
    The following objects are masked from 'package:base':
    
     intersect, setdiff, setequal, union
    
    PhantomJS not found. You can install it with webshot::install_phantomjs(). If it is installed, please make sure the phantomjs executable can be found via the PATH variable.
    PhantomJS not found. You can install it with webshot::install_phantomjs(). If it is installed, please make sure the phantomjs executable can be found via the PATH variable.
    Quitting from lines 32-55 (v05-findingandformatting.Rmd)
    Error: processing vignette 'v05-findingandformatting.Rmd' failed with diagnostics:
    invalid 'path' argument
    --- failed re-building ‘v05-findingandformatting.Rmd’
    
    --- re-building ‘v06-shiny.Rmd’ using rmarkdown
    Warning in engine$weave(file, quiet = quiet, encoding = enc) :
     Pandoc (>= 1.12.3) not available. Falling back to R Markdown v1.
    --- finished re-building ‘v06-shiny.Rmd’
    
    --- re-building ‘v07-excelexport.Rmd’ using rmarkdown
    Warning in engine$weave(file, quiet = quiet, encoding = enc) :
     Pandoc (>= 1.12.3) not available. Falling back to R Markdown v1.
    --- finished re-building ‘v07-excelexport.Rmd’
    
    SUMMARY: processing the following files failed:
     ‘v01-introduction.Rmd’ ‘v02-workingwithcells.Rmd’ ‘v03-outputs.Rmd’
     ‘v04-styling.Rmd’ ‘v05-findingandformatting.Rmd’
    
    Error: Vignette re-building failed.
    Execution halted
Flavors: r-release-macos-x86_64, r-oldrel-macos-x86_64