CRAN Package Check Results for Package bamlss

Last updated on 2022-07-03 07:51:47 CEST.

Flavor Version Tinstall Tcheck Ttotal Status Flags
r-devel-linux-x86_64-debian-clang 1.1-8 70.68 416.12 486.80 OK
r-devel-linux-x86_64-debian-gcc 1.1-8 60.94 304.06 365.00 OK
r-devel-linux-x86_64-fedora-clang 1.1-8 599.12 NOTE
r-devel-linux-x86_64-fedora-gcc 1.1-8 389.67 OK
r-devel-windows-x86_64 1.1-8 113.00 442.00 555.00 NOTE
r-patched-linux-x86_64 1.1-8 69.25 399.77 469.02 OK
r-release-linux-x86_64 1.1-8 70.91 397.21 468.12 OK
r-release-macos-arm64 1.1-8 125.00 NOTE
r-release-macos-x86_64 1.1-8 178.00 NOTE
r-release-windows-x86_64 1.1-8 116.00 409.00 525.00 NOTE
r-oldrel-macos-arm64 1.1-8 116.00 NOTE
r-oldrel-macos-x86_64 1.1-8 166.00 NOTE
r-oldrel-windows-ix86+x86_64 1.1-8 129.00 483.00 612.00 NOTE

Check Details

Version: 1.1-8
Check: installed package size
Result: NOTE
     installed size is 6.3Mb
     sub-directories of 1Mb or more:
     R 2.5Mb
     data 1.3Mb
     doc 1.8Mb
Flavors: r-devel-linux-x86_64-fedora-clang, r-devel-windows-x86_64, r-release-macos-arm64, r-release-macos-x86_64, r-release-windows-x86_64, r-oldrel-macos-arm64, r-oldrel-macos-x86_64, r-oldrel-windows-ix86+x86_64

Version: 1.1-8
Check: Rd cross-references
Result: NOTE
    Undeclared package ‘akima’ in Rd xrefs
Flavor: r-devel-linux-x86_64-fedora-clang