CRAN Package Check Results for Package baRulho

Last updated on 2022-01-22 06:48:46 CET.

Flavor Version Tinstall Tcheck Ttotal Status Flags
r-devel-linux-x86_64-debian-clang 1.0.5 8.18 128.40 136.58 OK
r-devel-linux-x86_64-debian-gcc 1.0.5 5.84 96.88 102.72 OK
r-devel-linux-x86_64-fedora-clang 1.0.5 161.33 NOTE
r-devel-linux-x86_64-fedora-gcc 1.0.5 151.86 OK
r-devel-windows-x86_64-new-UL 1.0.5 41.00 162.00 203.00 OK
r-devel-windows-x86_64-new-TK 1.0.5 OK
r-patched-linux-x86_64 1.0.5 10.37 122.77 133.14 OK
r-release-linux-x86_64 1.0.5 7.10 122.48 129.58 OK
r-release-macos-arm64 1.0.5 OK
r-release-macos-x86_64 1.0.5 OK
r-release-windows-ix86+x86_64 1.0.5 18.00 159.00 177.00 OK
r-oldrel-macos-x86_64 1.0.5 OK
r-oldrel-windows-ix86+x86_64 1.0.5 18.00 151.00 169.00 OK

Check Details

Version: 1.0.5
Check: Rd cross-references
Result: NOTE
    Undeclared package ‘Rraven’ in Rd xrefs
Flavor: r-devel-linux-x86_64-fedora-clang