CRAN Package Check Results for Package autoBagging

Last updated on 2022-07-01 06:51:23 CEST.

Flavor Version Tinstall Tcheck Ttotal Status Flags
r-devel-linux-x86_64-debian-clang 0.1.0 15.18 110.79 125.97 OK
r-devel-linux-x86_64-debian-gcc 0.1.0 12.91 82.33 95.24 OK
r-devel-linux-x86_64-fedora-clang 0.1.0 161.53 NOTE
r-devel-linux-x86_64-fedora-gcc 0.1.0 159.00 NOTE
r-devel-windows-x86_64 0.1.0 149.00 130.00 279.00 OK
r-patched-linux-x86_64 0.1.0 14.14 105.02 119.16 OK
r-release-linux-x86_64 0.1.0 11.16 105.49 116.65 OK
r-release-macos-arm64 0.1.0 44.00 NOTE
r-release-macos-x86_64 0.1.0 77.00 NOTE
r-release-windows-x86_64 0.1.0 171.00 128.00 299.00 OK
r-oldrel-macos-arm64 0.1.0 52.00 NOTE
r-oldrel-macos-x86_64 0.1.0 85.00 NOTE
r-oldrel-windows-ix86+x86_64 0.1.0 36.00 120.00 156.00 OK

Check Details

Version: 0.1.0
Check: dependencies in R code
Result: NOTE
    Namespace in Imports field not imported from: ‘abind’
     All declared Imports should be used.
Flavors: r-devel-linux-x86_64-fedora-clang, r-devel-linux-x86_64-fedora-gcc, r-release-macos-arm64, r-release-macos-x86_64, r-oldrel-macos-arm64, r-oldrel-macos-x86_64