CRAN Package Check Results for Package assertr

Last updated on 2022-05-18 06:50:36 CEST.

Flavor Version Tinstall Tcheck Ttotal Status Flags
r-devel-linux-x86_64-debian-clang 2.8 2.68 57.84 60.52 NOTE
r-devel-linux-x86_64-debian-gcc 2.8 2.34 43.15 45.49 NOTE
r-devel-linux-x86_64-fedora-clang 2.8 74.69 NOTE
r-devel-linux-x86_64-fedora-gcc 2.8 70.17 NOTE
r-devel-windows-x86_64 2.8 28.00 85.00 113.00 NOTE
r-patched-linux-x86_64 2.8 2.79 54.92 57.71 NOTE
r-release-linux-x86_64 2.8 3.95 55.29 59.24 NOTE
r-release-macos-arm64 2.8 27.00 NOTE
r-release-macos-x86_64 2.8 33.00 NOTE
r-release-windows-x86_64 2.8 27.00 81.00 108.00 NOTE
r-oldrel-macos-arm64 2.8 31.00 NOTE
r-oldrel-macos-x86_64 2.8 52.00 NOTE
r-oldrel-windows-ix86+x86_64 2.8 8.00 68.00 76.00 NOTE

Check Details

Version: 2.8
Check: LazyData
Result: NOTE
     'LazyData' is specified without a 'data' directory
Flavors: r-devel-linux-x86_64-debian-clang, r-devel-linux-x86_64-debian-gcc, r-devel-linux-x86_64-fedora-clang, r-devel-linux-x86_64-fedora-gcc, r-devel-windows-x86_64, r-patched-linux-x86_64, r-release-linux-x86_64, r-release-macos-arm64, r-release-macos-x86_64, r-release-windows-x86_64, r-oldrel-macos-arm64, r-oldrel-macos-x86_64, r-oldrel-windows-ix86+x86_64