Last updated on 2022-08-12 06:49:14 CEST.
Flavor | Version | Tinstall | Tcheck | Ttotal | Status | Flags |
---|---|---|---|---|---|---|
r-devel-linux-x86_64-debian-clang | 0.0-5 | 2.56 | 31.36 | 33.92 | NOTE | |
r-devel-linux-x86_64-debian-gcc | 0.0-5 | 1.83 | 24.18 | 26.01 | NOTE | |
r-devel-linux-x86_64-fedora-clang | 0.0-5 | 50.77 | NOTE | |||
r-devel-linux-x86_64-fedora-gcc | 0.0-5 | 49.57 | NOTE | |||
r-devel-windows-x86_64 | 0.0-5 | 241.00 | 65.00 | 306.00 | NOTE | |
r-patched-linux-x86_64 | 0.0-5 | 3.00 | 29.91 | 32.91 | NOTE | |
r-release-linux-x86_64 | 0.0-5 | 3.10 | 29.78 | 32.88 | NOTE | |
r-release-macos-arm64 | 0.0-5 | 18.00 | NOTE | |||
r-release-macos-x86_64 | 0.0-5 | 24.00 | NOTE | |||
r-release-windows-x86_64 | 0.0-5 | 267.00 | 56.00 | 323.00 | NOTE | |
r-oldrel-macos-arm64 | 0.0-5 | 19.00 | NOTE | |||
r-oldrel-macos-x86_64 | 0.0-5 | 34.00 | NOTE | |||
r-oldrel-windows-ix86+x86_64 | 0.0-5 | 6.00 | 51.00 | 57.00 | NOTE |
Version: 0.0-5
Check: LazyData
Result: NOTE
'LazyData' is specified without a 'data' directory
Flavors: r-devel-linux-x86_64-debian-clang, r-devel-linux-x86_64-debian-gcc, r-devel-linux-x86_64-fedora-clang, r-devel-linux-x86_64-fedora-gcc, r-devel-windows-x86_64, r-patched-linux-x86_64, r-release-linux-x86_64, r-release-macos-arm64, r-release-macos-x86_64, r-release-windows-x86_64, r-oldrel-macos-arm64, r-oldrel-macos-x86_64, r-oldrel-windows-ix86+x86_64
Version: 0.0-5
Check: Rd cross-references
Result: NOTE
Undeclared package ‘rstudioapi’ in Rd xrefs
Flavor: r-devel-linux-x86_64-fedora-clang