Last updated on 2022-07-05 07:50:49 CEST.
Flavor | Version | Tinstall | Tcheck | Ttotal | Status | Flags |
---|---|---|---|---|---|---|
r-devel-linux-x86_64-debian-clang | 0.3-6 | 3.16 | 42.14 | 45.30 | NOTE | |
r-devel-linux-x86_64-debian-gcc | 0.3-6 | 2.46 | 32.35 | 34.81 | NOTE | |
r-devel-linux-x86_64-fedora-clang | 0.3-6 | 65.30 | NOTE | |||
r-devel-linux-x86_64-fedora-gcc | 0.3-6 | 64.98 | NOTE | |||
r-devel-windows-x86_64 | 0.3-6 | 60.00 | 95.00 | 155.00 | NOTE | |
r-patched-linux-x86_64 | 0.3-6 | 6.68 | 40.53 | 47.21 | NOTE | |
r-release-linux-x86_64 | 0.3-6 | 3.69 | 40.82 | 44.51 | NOTE | |
r-release-macos-arm64 | 0.3-6 | 25.00 | NOTE | |||
r-release-macos-x86_64 | 0.3-6 | 37.00 | NOTE | |||
r-release-windows-x86_64 | 0.3-6 | 81.00 | 88.00 | 169.00 | NOTE | |
r-oldrel-macos-arm64 | 0.3-6 | 34.00 | NOTE | |||
r-oldrel-macos-x86_64 | 0.3-6 | 50.00 | NOTE | |||
r-oldrel-windows-ix86+x86_64 | 0.3-6 | 10.00 | 63.00 | 73.00 | NOTE |
Version: 0.3-6
Check: LazyData
Result: NOTE
'LazyData' is specified without a 'data' directory
Flavors: r-devel-linux-x86_64-debian-clang, r-devel-linux-x86_64-debian-gcc, r-devel-linux-x86_64-fedora-clang, r-devel-linux-x86_64-fedora-gcc, r-devel-windows-x86_64, r-patched-linux-x86_64, r-release-linux-x86_64, r-release-macos-arm64, r-release-macos-x86_64, r-release-windows-x86_64, r-oldrel-macos-arm64, r-oldrel-macos-x86_64, r-oldrel-windows-ix86+x86_64