CRAN Package Check Results for Package assertable

Last updated on 2022-06-29 06:53:20 CEST.

Flavor Version Tinstall Tcheck Ttotal Status Flags
r-devel-linux-x86_64-debian-clang 0.2.8 2.83 35.26 38.09 NOTE
r-devel-linux-x86_64-debian-gcc 0.2.8 1.84 26.76 28.60 NOTE
r-devel-linux-x86_64-fedora-clang 0.2.8 56.62 NOTE
r-devel-linux-x86_64-fedora-gcc 0.2.8 55.31 NOTE
r-devel-windows-x86_64 0.2.8 32.00 73.00 105.00 NOTE
r-patched-linux-x86_64 0.2.8 3.08 34.41 37.49 NOTE
r-release-linux-x86_64 0.2.8 2.57 34.15 36.72 NOTE
r-release-macos-arm64 0.2.8 25.00 NOTE
r-release-macos-x86_64 0.2.8 37.00 NOTE
r-release-windows-x86_64 0.2.8 31.00 75.00 106.00 NOTE
r-oldrel-macos-arm64 0.2.8 35.00 NOTE
r-oldrel-macos-x86_64 0.2.8 43.00 NOTE
r-oldrel-windows-ix86+x86_64 0.2.8 8.00 65.00 73.00 NOTE

Check Details

Version: 0.2.8
Check: LazyData
Result: NOTE
     'LazyData' is specified without a 'data' directory
Flavors: r-devel-linux-x86_64-debian-clang, r-devel-linux-x86_64-debian-gcc, r-devel-linux-x86_64-fedora-clang, r-devel-linux-x86_64-fedora-gcc, r-devel-windows-x86_64, r-patched-linux-x86_64, r-release-linux-x86_64, r-release-macos-arm64, r-release-macos-x86_64, r-release-windows-x86_64, r-oldrel-macos-arm64, r-oldrel-macos-x86_64, r-oldrel-windows-ix86+x86_64