CRAN Package Check Results for Package asciicast

Last updated on 2022-05-18 06:50:36 CEST.

Flavor Version Tinstall Tcheck Ttotal Status Flags
r-devel-linux-x86_64-debian-clang 1.0.0 5.69 57.37 63.06 NOTE
r-devel-linux-x86_64-debian-gcc 1.0.0 2.56 42.56 45.12 NOTE
r-devel-linux-x86_64-fedora-clang 1.0.0 78.27 NOTE
r-devel-linux-x86_64-fedora-gcc 1.0.0 76.47 NOTE
r-devel-windows-x86_64 1.0.0 32.00 75.00 107.00 NOTE
r-patched-linux-x86_64 1.0.0 3.60 54.46 58.06 NOTE
r-release-linux-x86_64 1.0.0 4.95 54.14 59.09 NOTE
r-release-macos-arm64 1.0.0 30.00 NOTE
r-release-macos-x86_64 1.0.0 36.00 NOTE
r-release-windows-x86_64 1.0.0 38.00 79.00 117.00 NOTE
r-oldrel-macos-arm64 1.0.0 29.00 NOTE
r-oldrel-macos-x86_64 1.0.0 37.00 NOTE
r-oldrel-windows-ix86+x86_64 1.0.0 14.00 83.00 97.00 NOTE

Check Details

Version: 1.0.0
Check: LazyData
Result: NOTE
     'LazyData' is specified without a 'data' directory
Flavors: r-devel-linux-x86_64-debian-clang, r-devel-linux-x86_64-debian-gcc, r-devel-linux-x86_64-fedora-clang, r-devel-linux-x86_64-fedora-gcc, r-devel-windows-x86_64, r-patched-linux-x86_64, r-release-linux-x86_64, r-release-macos-arm64, r-release-macos-x86_64, r-release-windows-x86_64, r-oldrel-macos-arm64, r-oldrel-macos-x86_64, r-oldrel-windows-ix86+x86_64