Last updated on 2022-08-12 06:49:14 CEST.
Flavor | Version | Tinstall | Tcheck | Ttotal | Status | Flags |
---|---|---|---|---|---|---|
r-devel-linux-x86_64-debian-clang | 0.2-25 | 33.74 | 155.39 | 189.13 | OK | |
r-devel-linux-x86_64-debian-gcc | 0.2-25 | 31.11 | 115.63 | 146.74 | OK | |
r-devel-linux-x86_64-fedora-clang | 0.2-25 | 254.81 | OK | |||
r-devel-linux-x86_64-fedora-gcc | 0.2-25 | 239.71 | OK | |||
r-devel-windows-x86_64 | 0.2-25 | 215.00 | 187.00 | 402.00 | NOTE | |
r-patched-linux-x86_64 | 0.2-25 | 34.76 | 149.60 | 184.36 | OK | |
r-release-linux-x86_64 | 0.2-25 | 29.79 | 148.14 | 177.93 | OK | |
r-release-macos-arm64 | 0.2-25 | 70.00 | OK | |||
r-release-macos-x86_64 | 0.2-25 | 96.00 | OK | |||
r-release-windows-x86_64 | 0.2-25 | 247.00 | 182.00 | 429.00 | NOTE | |
r-oldrel-macos-arm64 | 0.2-25 | 77.00 | OK | |||
r-oldrel-macos-x86_64 | 0.2-25 | 141.00 | OK | |||
r-oldrel-windows-ix86+x86_64 | 0.2-25 | 93.00 | 269.00 | 362.00 | NOTE |
Version: 0.2-25
Check: installed package size
Result: NOTE
installed size is 14.8Mb
sub-directories of 1Mb or more:
bin 11.8Mb
misc 2.1Mb
Flavors: r-devel-windows-x86_64, r-release-windows-x86_64, r-oldrel-windows-ix86+x86_64