CRAN Package Check Results for Package aricode

Last updated on 2022-07-02 07:06:52 CEST.

Flavor Version Tinstall Tcheck Ttotal Status Flags
r-devel-linux-x86_64-debian-clang 1.0.0 23.85 73.85 97.70 WARN
r-devel-linux-x86_64-debian-gcc 1.0.0 18.66 56.51 75.17 NOTE
r-devel-linux-x86_64-fedora-clang 1.0.0 137.08 WARN
r-devel-linux-x86_64-fedora-gcc 1.0.0 130.12 NOTE
r-devel-windows-x86_64 1.0.0 28.00 114.00 142.00 NOTE
r-patched-linux-x86_64 1.0.0 19.49 71.11 90.60 NOTE
r-release-linux-x86_64 1.0.0 22.66 71.62 94.28 NOTE
r-release-macos-arm64 1.0.0 36.00 NOTE
r-release-macos-x86_64 1.0.0 54.00 NOTE
r-release-windows-x86_64 1.0.0 32.00 115.00 147.00 NOTE
r-oldrel-macos-arm64 1.0.0 40.00 NOTE
r-oldrel-macos-x86_64 1.0.0 77.00 NOTE
r-oldrel-windows-ix86+x86_64 1.0.0 61.00 138.00 199.00 NOTE

Additional issues

clang14 clang-UBSAN

Check Details

Version: 1.0.0
Check: whether package can be installed
Result: WARN
    Found the following significant warnings:
     aricode.cpp:22:9: warning: use of bitwise '|' with boolean operands [-Wbitwise-instead-of-logical]
     aricode.cpp:41:9: warning: use of bitwise '&' with boolean operands [-Wbitwise-instead-of-logical]
Flavors: r-devel-linux-x86_64-debian-clang, r-devel-linux-x86_64-fedora-clang

Version: 1.0.0
Check: LazyData
Result: NOTE
     'LazyData' is specified without a 'data' directory
Flavors: r-devel-linux-x86_64-debian-clang, r-devel-linux-x86_64-debian-gcc, r-devel-linux-x86_64-fedora-clang, r-devel-linux-x86_64-fedora-gcc, r-devel-windows-x86_64, r-patched-linux-x86_64, r-release-linux-x86_64, r-release-macos-arm64, r-release-macos-x86_64, r-release-windows-x86_64, r-oldrel-macos-arm64, r-oldrel-macos-x86_64, r-oldrel-windows-ix86+x86_64