CRAN Package Check Results for Package archivist

Last updated on 2022-05-24 07:52:14 CEST.

Flavor Version Tinstall Tcheck Ttotal Status Flags
r-devel-linux-x86_64-debian-clang 2.3.6 9.53 97.10 106.63 OK
r-devel-linux-x86_64-debian-gcc 2.3.6 7.02 73.41 80.43 OK
r-devel-linux-x86_64-fedora-clang 2.3.6 132.91 NOTE
r-devel-linux-x86_64-fedora-gcc 2.3.6 124.04 OK
r-devel-windows-x86_64 2.3.6 82.00 145.00 227.00 OK
r-patched-linux-x86_64 2.3.6 12.90 91.48 104.38 OK
r-release-linux-x86_64 2.3.6 OK
r-release-macos-arm64 2.3.6 38.00 OK
r-release-macos-x86_64 2.3.6 53.00 OK
r-release-windows-x86_64 2.3.6 90.00 142.00 232.00 OK
r-oldrel-macos-arm64 2.3.6 43.00 OK
r-oldrel-macos-x86_64 2.3.6 53.00 OK
r-oldrel-windows-ix86+x86_64 2.3.6 20.00 120.00 140.00 OK

Check Details

Version: 2.3.6
Check: Rd cross-references
Result: NOTE
    Undeclared package ‘rmarkdown’ in Rd xrefs
Flavor: r-devel-linux-x86_64-fedora-clang