CRAN Package Check Results for Package ar.matrix

Last updated on 2022-06-29 06:53:20 CEST.

Flavor Version Tinstall Tcheck Ttotal Status Flags
r-devel-linux-x86_64-debian-clang 0.1.0 2.05 33.87 35.92 OK
r-devel-linux-x86_64-debian-gcc 0.1.0 2.01 26.35 28.36 OK
r-devel-linux-x86_64-fedora-clang 0.1.0 54.62 NOTE
r-devel-linux-x86_64-fedora-gcc 0.1.0 53.11 NOTE
r-devel-windows-x86_64 0.1.0 17.00 60.00 77.00 OK
r-patched-linux-x86_64 0.1.0 2.47 32.93 35.40 OK
r-release-linux-x86_64 0.1.0 1.98 33.01 34.99 OK
r-release-macos-arm64 0.1.0 20.00 NOTE
r-release-macos-x86_64 0.1.0 24.00 NOTE
r-release-windows-x86_64 0.1.0 26.00 63.00 89.00 OK
r-oldrel-macos-arm64 0.1.0 24.00 NOTE
r-oldrel-macos-x86_64 0.1.0 32.00 NOTE
r-oldrel-windows-ix86+x86_64 0.1.0 6.00 53.00 59.00 OK

Check Details

Version: 0.1.0
Check: dependencies in R code
Result: NOTE
    Namespace in Imports field not imported from: ‘sp’
     All declared Imports should be used.
Flavors: r-devel-linux-x86_64-fedora-clang, r-devel-linux-x86_64-fedora-gcc, r-release-macos-arm64, r-release-macos-x86_64, r-oldrel-macos-arm64, r-oldrel-macos-x86_64