CRAN Package Check Results for Package apc

Last updated on 2022-07-03 07:51:47 CEST.

Flavor Version Tinstall Tcheck Ttotal Status Flags
r-devel-linux-x86_64-debian-clang 2.0.0 19.44 544.12 563.56 OK
r-devel-linux-x86_64-debian-gcc 2.0.0 17.34 414.46 431.80 OK
r-devel-linux-x86_64-fedora-clang 2.0.0 693.32 NOTE
r-devel-linux-x86_64-fedora-gcc 2.0.0 694.16 NOTE
r-devel-windows-x86_64 2.0.0 34.00 696.00 730.00 OK
r-patched-linux-x86_64 2.0.0 26.52 524.96 551.48 OK
r-release-linux-x86_64 2.0.0 23.07 533.77 556.84 OK
r-release-macos-arm64 2.0.0 355.00 NOTE
r-release-macos-x86_64 2.0.0 586.00 NOTE
r-release-windows-x86_64 2.0.0 34.00 663.00 697.00 OK
r-oldrel-macos-arm64 2.0.0 468.00 NOTE
r-oldrel-macos-x86_64 2.0.0 820.00 NOTE
r-oldrel-windows-ix86+x86_64 2.0.0 41.00 710.00 751.00 OK

Check Details

Version: 2.0.0
Check: dependencies in R code
Result: NOTE
    Namespaces in Imports field not imported from:
     ‘AER’ ‘ChainLadder’ ‘ISLR’ ‘ggplot2’
     All declared Imports should be used.
Flavors: r-devel-linux-x86_64-fedora-clang, r-devel-linux-x86_64-fedora-gcc, r-release-macos-arm64, r-release-macos-x86_64, r-oldrel-macos-arm64, r-oldrel-macos-x86_64