Last updated on 2022-05-15 07:54:20 CEST.
Flavor | Version | Tinstall | Tcheck | Ttotal | Status | Flags |
---|---|---|---|---|---|---|
r-devel-linux-x86_64-debian-clang | 0.3.3 | 6.42 | 82.17 | 88.59 | NOTE | |
r-devel-linux-x86_64-debian-gcc | 0.3.3 | 5.13 | 60.71 | 65.84 | NOTE | |
r-devel-linux-x86_64-fedora-clang | 0.3.3 | 111.77 | NOTE | |||
r-devel-linux-x86_64-fedora-gcc | 0.3.3 | 109.09 | NOTE | |||
r-devel-windows-x86_64 | 0.3.3 | 15.00 | 94.00 | 109.00 | NOTE | |
r-patched-linux-x86_64 | 0.3.3 | 5.28 | 77.35 | 82.63 | NOTE | |
r-release-linux-x86_64 | 0.3.3 | 5.74 | 78.46 | 84.20 | NOTE | |
r-release-macos-arm64 | 0.3.3 | 31.00 | NOTE | |||
r-release-macos-x86_64 | 0.3.3 | 57.00 | NOTE | |||
r-release-windows-x86_64 | 0.3.3 | 23.00 | 96.00 | 119.00 | NOTE | |
r-oldrel-macos-arm64 | 0.3.3 | 32.00 | NOTE | |||
r-oldrel-macos-x86_64 | 0.3.3 | 54.00 | NOTE | |||
r-oldrel-windows-ix86+x86_64 | 0.3.3 | 17.00 | 92.00 | 109.00 | NOTE |
Version: 0.3.3
Check: LazyData
Result: NOTE
'LazyData' is specified without a 'data' directory
Flavors: r-devel-linux-x86_64-debian-clang, r-devel-linux-x86_64-debian-gcc, r-devel-linux-x86_64-fedora-clang, r-devel-linux-x86_64-fedora-gcc, r-devel-windows-x86_64, r-patched-linux-x86_64, r-release-linux-x86_64, r-release-macos-arm64, r-release-macos-x86_64, r-release-windows-x86_64, r-oldrel-macos-arm64, r-oldrel-macos-x86_64, r-oldrel-windows-ix86+x86_64