CRAN Package Check Results for Package animl

Last updated on 2022-08-10 07:51:35 CEST.

Flavor Version Tinstall Tcheck Ttotal Status Flags
r-devel-linux-x86_64-debian-clang 1.0.0 5.79 61.16 66.95 OK
r-devel-linux-x86_64-debian-gcc 1.0.0 4.91 44.34 49.25 OK
r-devel-linux-x86_64-fedora-clang 1.0.0 87.27 NOTE
r-devel-linux-x86_64-fedora-gcc 1.0.0 84.12 NOTE
r-devel-windows-x86_64 1.0.0 13.00 82.00 95.00 OK
r-patched-linux-x86_64 1.0.0 5.77 55.99 61.76 OK
r-release-linux-x86_64 1.0.0 OK
r-release-macos-arm64 1.0.0 29.00 NOTE
r-release-macos-x86_64 1.0.0 56.00 NOTE
r-release-windows-x86_64 1.0.0 18.00 85.00 103.00 OK
r-oldrel-macos-arm64 1.0.0 26.00 NOTE
r-oldrel-macos-x86_64 1.0.0 37.00 NOTE
r-oldrel-windows-ix86+x86_64 1.0.0 17.00 76.00 93.00 OK

Check Details

Version: 1.0.0
Check: dependencies in R code
Result: NOTE
    Namespace in Imports field not imported from: ‘data.table’
     All declared Imports should be used.
Flavors: r-devel-linux-x86_64-fedora-clang, r-devel-linux-x86_64-fedora-gcc, r-release-macos-arm64, r-release-macos-x86_64, r-oldrel-macos-arm64, r-oldrel-macos-x86_64