CRAN Package Check Results for Package amap

Last updated on 2022-05-18 06:50:35 CEST.

Flavor Version Tinstall Tcheck Ttotal Status Flags
r-devel-linux-x86_64-debian-clang 0.8-18 8.48 44.11 52.59 OK
r-devel-linux-x86_64-debian-gcc 0.8-18 7.49 33.57 41.06 OK
r-devel-linux-x86_64-fedora-clang 0.8-18 68.69 OK
r-devel-linux-x86_64-fedora-gcc 0.8-18 64.19 OK
r-devel-windows-x86_64 0.8-18 29.00 79.00 108.00 OK
r-patched-linux-x86_64 0.8-18 8.12 42.25 50.37 OK
r-release-linux-x86_64 0.8-18 9.03 42.00 51.03 OK
r-release-macos-arm64 0.8-18 25.00 NOTE
r-release-macos-x86_64 0.8-18 34.00 OK
r-release-windows-x86_64 0.8-18 23.00 77.00 100.00 OK
r-oldrel-macos-arm64 0.8-18 30.00 OK
r-oldrel-macos-x86_64 0.8-18 44.00 OK
r-oldrel-windows-ix86+x86_64 0.8-18 27.00 61.00 88.00 OK

Check Details

Version: 0.8-18
Check: package dependencies
Result: NOTE
    Package suggested but not available for checking: ‘Biobase’
Flavor: r-release-macos-arm64