CRAN Package Check Results for Package altadata

Last updated on 2022-08-12 06:49:13 CEST.

Flavor Version Tinstall Tcheck Ttotal Status Flags
r-devel-linux-x86_64-debian-clang 0.1.1 1.42 21.73 23.15 NOTE
r-devel-linux-x86_64-debian-gcc 0.1.1 1.84 17.27 19.11 NOTE
r-devel-linux-x86_64-fedora-clang 0.1.1 39.73 NOTE
r-devel-linux-x86_64-fedora-gcc 0.1.1 39.25 NOTE
r-devel-windows-x86_64 0.1.1 21.00 47.00 68.00 NOTE
r-patched-linux-x86_64 0.1.1 2.33 21.09 23.42 NOTE
r-release-linux-x86_64 0.1.1 1.57 21.34 22.91 NOTE
r-release-macos-arm64 0.1.1 14.00 NOTE
r-release-macos-x86_64 0.1.1 19.00 NOTE
r-release-windows-x86_64 0.1.1 17.00 46.00 63.00 NOTE
r-oldrel-macos-arm64 0.1.1 23.00 NOTE
r-oldrel-macos-x86_64 0.1.1 22.00 NOTE
r-oldrel-windows-ix86+x86_64 0.1.1 6.00 40.00 46.00 NOTE

Check Details

Version: 0.1.1
Check: LazyData
Result: NOTE
     'LazyData' is specified without a 'data' directory
Flavors: r-devel-linux-x86_64-debian-clang, r-devel-linux-x86_64-debian-gcc, r-devel-linux-x86_64-fedora-clang, r-devel-linux-x86_64-fedora-gcc, r-devel-windows-x86_64, r-patched-linux-x86_64, r-release-linux-x86_64, r-release-macos-arm64, r-release-macos-x86_64, r-release-windows-x86_64, r-oldrel-macos-arm64, r-oldrel-macos-x86_64, r-oldrel-windows-ix86+x86_64