CRAN Package Check Results for Package alphabetr

Last updated on 2022-08-12 06:49:13 CEST.

Flavor Version Tinstall Tcheck Ttotal Status Flags
r-devel-linux-x86_64-debian-clang 0.2.2 49.03 168.50 217.53 NOTE
r-devel-linux-x86_64-debian-gcc 0.2.2 34.40 120.58 154.98 NOTE
r-devel-linux-x86_64-fedora-clang 0.2.2 292.12 NOTE
r-devel-linux-x86_64-fedora-gcc 0.2.2 281.31 NOTE
r-devel-windows-x86_64 0.2.2 100.00 257.00 357.00 NOTE
r-patched-linux-x86_64 0.2.2 40.86 173.89 214.75 NOTE
r-release-linux-x86_64 0.2.2 35.89 173.47 209.36 NOTE
r-release-macos-arm64 0.2.2 76.00 NOTE
r-release-macos-x86_64 0.2.2 110.00 NOTE
r-release-windows-x86_64 0.2.2 210.00 256.00 466.00 NOTE
r-oldrel-macos-arm64 0.2.2 89.00 NOTE
r-oldrel-macos-x86_64 0.2.2 208.00 NOTE
r-oldrel-windows-ix86+x86_64 0.2.2 117.00 281.00 398.00 NOTE

Check Details

Version: 0.2.2
Check: LazyData
Result: NOTE
     'LazyData' is specified without a 'data' directory
Flavors: r-devel-linux-x86_64-debian-clang, r-devel-linux-x86_64-debian-gcc, r-devel-linux-x86_64-fedora-clang, r-devel-linux-x86_64-fedora-gcc, r-devel-windows-x86_64, r-patched-linux-x86_64, r-release-linux-x86_64, r-release-macos-arm64, r-release-macos-x86_64, r-release-windows-x86_64, r-oldrel-macos-arm64, r-oldrel-macos-x86_64, r-oldrel-windows-ix86+x86_64

Version: 0.2.2
Check: compiled code
Result: NOTE
    File ‘alphabetr/libs/alphabetr.so’:
     Found no calls to: ‘R_registerRoutines’, ‘R_useDynamicSymbols’
    
    It is good practice to register native routines and to disable symbol
    search.
    
    See ‘Writing portable packages’ in the ‘Writing R Extensions’ manual.
Flavors: r-devel-linux-x86_64-fedora-clang, r-devel-linux-x86_64-fedora-gcc