Last updated on 2022-07-02 07:06:52 CEST.
Flavor | Version | Tinstall | Tcheck | Ttotal | Status | Flags |
---|---|---|---|---|---|---|
r-devel-linux-x86_64-debian-clang | 1.15 | 12.56 | 80.47 | 93.03 | OK | |
r-devel-linux-x86_64-debian-gcc | 1.15 | 9.09 | 61.52 | 70.61 | OK | |
r-devel-linux-x86_64-fedora-clang | 1.15 | 119.23 | NOTE | |||
r-devel-linux-x86_64-fedora-gcc | 1.15 | 117.77 | NOTE | |||
r-devel-windows-x86_64 | 1.15 | 23.00 | 104.00 | 127.00 | OK | |
r-patched-linux-x86_64 | 1.15 | 10.85 | 76.93 | 87.78 | OK | |
r-release-linux-x86_64 | 1.15 | 9.74 | 77.19 | 86.93 | OK | |
r-release-macos-arm64 | 1.15 | 40.00 | OK | |||
r-release-macos-x86_64 | 1.15 | 54.00 | OK | |||
r-release-windows-x86_64 | 1.15 | 24.00 | 110.00 | 134.00 | OK | |
r-oldrel-macos-arm64 | 1.15 | 34.00 | OK | |||
r-oldrel-macos-x86_64 | 1.15 | 54.00 | OK | |||
r-oldrel-windows-ix86+x86_64 | 1.15 | 23.00 | 129.00 | 152.00 | OK |
Version: 1.15
Check: compiled code
Result: NOTE
File ‘ahaz/libs/ahaz.so’:
Found no calls to: ‘R_registerRoutines’, ‘R_useDynamicSymbols’
It is good practice to register native routines and to disable symbol
search.
See ‘Writing portable packages’ in the ‘Writing R Extensions’ manual.
Flavors: r-devel-linux-x86_64-fedora-clang, r-devel-linux-x86_64-fedora-gcc