CRAN Package Check Results for Package agriwater

Last updated on 2022-01-29 06:49:26 CET.

Flavor Version Tinstall Tcheck Ttotal Status Flags
r-devel-linux-x86_64-debian-clang 1.0.1 36.92 269.91 306.83 NOTE
r-devel-linux-x86_64-debian-gcc 1.0.1 25.45 198.21 223.66 NOTE
r-devel-linux-x86_64-fedora-clang 1.0.1 336.69 NOTE
r-devel-linux-x86_64-fedora-gcc 1.0.1 355.60 NOTE
r-devel-windows-x86_64-new-UL 1.0.1 66.00 247.00 313.00 NOTE
r-devel-windows-x86_64-new-TK 1.0.1 NOTE
r-patched-linux-x86_64 1.0.1 27.79 244.14 271.93 NOTE
r-release-linux-x86_64 1.0.1 29.18 238.28 267.46 NOTE
r-release-macos-arm64 1.0.1 NOTE
r-release-macos-x86_64 1.0.1 NOTE
r-release-windows-ix86+x86_64 1.0.1 66.00 251.00 317.00 NOTE
r-oldrel-macos-x86_64 1.0.1 OK
r-oldrel-windows-ix86+x86_64 1.0.1 69.00 260.00 329.00 OK

Check Details

Version: 1.0.1
Check: LazyData
Result: NOTE
     'LazyData' is specified without a 'data' directory
Flavors: r-devel-linux-x86_64-debian-clang, r-devel-linux-x86_64-debian-gcc, r-devel-linux-x86_64-fedora-clang, r-devel-linux-x86_64-fedora-gcc, r-devel-windows-x86_64-new-UL, r-devel-windows-x86_64-new-TK, r-patched-linux-x86_64, r-release-linux-x86_64, r-release-macos-arm64, r-release-macos-x86_64, r-release-windows-ix86+x86_64