CRAN Package Check Results for Package adklakedata

Last updated on 2022-06-29 06:53:19 CEST.

Flavor Version Tinstall Tcheck Ttotal Status Flags
r-devel-linux-x86_64-debian-clang 0.6.1 2.44 27.85 30.29 NOTE
r-devel-linux-x86_64-debian-gcc 0.6.1 1.81 21.78 23.59 NOTE
r-devel-linux-x86_64-fedora-clang 0.6.1 46.43 NOTE
r-devel-linux-x86_64-fedora-gcc 0.6.1 45.21 NOTE
r-devel-windows-x86_64 0.6.1 46.00 53.00 99.00 NOTE
r-patched-linux-x86_64 0.6.1 2.15 27.17 29.32 NOTE
r-release-linux-x86_64 0.6.1 2.31 27.04 29.35 NOTE
r-release-macos-arm64 0.6.1 17.00 NOTE
r-release-macos-x86_64 0.6.1 23.00 NOTE
r-release-windows-x86_64 0.6.1 20.00 53.00 73.00 NOTE
r-oldrel-macos-arm64 0.6.1 26.00 NOTE
r-oldrel-macos-x86_64 0.6.1 28.00 NOTE
r-oldrel-windows-ix86+x86_64 0.6.1 5.00 48.00 53.00 NOTE

Check Details

Version: 0.6.1
Check: LazyData
Result: NOTE
     'LazyData' is specified without a 'data' directory
Flavors: r-devel-linux-x86_64-debian-clang, r-devel-linux-x86_64-debian-gcc, r-devel-linux-x86_64-fedora-clang, r-devel-linux-x86_64-fedora-gcc, r-devel-windows-x86_64, r-patched-linux-x86_64, r-release-linux-x86_64, r-release-macos-arm64, r-release-macos-x86_64, r-release-windows-x86_64, r-oldrel-macos-arm64, r-oldrel-macos-x86_64, r-oldrel-windows-ix86+x86_64