Last updated on 2022-07-03 07:51:47 CEST.
Flavor | Version | Tinstall | Tcheck | Ttotal | Status | Flags |
---|---|---|---|---|---|---|
r-devel-linux-x86_64-debian-clang | 1.1-11 | 24.86 | 187.01 | 211.87 | NOTE | |
r-devel-linux-x86_64-debian-gcc | 1.1-11 | 17.15 | 140.08 | 157.23 | NOTE | |
r-devel-linux-x86_64-fedora-clang | 1.1-11 | 263.28 | NOTE | |||
r-devel-linux-x86_64-fedora-gcc | 1.1-11 | 252.81 | NOTE | |||
r-devel-windows-x86_64 | 1.1-11 | 42.00 | 228.00 | 270.00 | NOTE | |
r-patched-linux-x86_64 | 1.1-11 | 27.19 | 177.59 | 204.78 | OK | |
r-release-linux-x86_64 | 1.1-11 | 15.57 | 175.07 | 190.64 | OK | |
r-release-macos-arm64 | 1.1-11 | 72.00 | OK | |||
r-release-macos-x86_64 | 1.1-11 | 132.00 | OK | |||
r-release-windows-x86_64 | 1.1-11 | 40.00 | 232.00 | 272.00 | OK | |
r-oldrel-macos-arm64 | 1.1-11 | 105.00 | OK | |||
r-oldrel-macos-x86_64 | 1.1-11 | 187.00 | OK | |||
r-oldrel-windows-ix86+x86_64 | 1.1-11 | 55.00 | 283.00 | 338.00 | OK |
Version: 1.1-11
Check: Rd files
Result: NOTE
checkRd: (-1) orthobasis.Rd:106: Escaped LaTeX specials: \&
checkRd: (-1) orthobasis.Rd:110: Escaped LaTeX specials: \&
checkRd: (-1) treePart.Rd:33: Escaped LaTeX specials: \$
Flavors: r-devel-linux-x86_64-debian-clang, r-devel-linux-x86_64-debian-gcc, r-devel-linux-x86_64-fedora-clang, r-devel-linux-x86_64-fedora-gcc, r-devel-windows-x86_64