CRAN Package Check Results for Package activegp

Last updated on 2022-06-30 06:49:18 CEST.

Flavor Version Tinstall Tcheck Ttotal Status Flags
r-devel-linux-x86_64-debian-clang 1.0.6 47.11 43.35 90.46 OK
r-devel-linux-x86_64-debian-gcc 1.1.0 47.56 31.31 78.87 OK
r-devel-linux-x86_64-fedora-clang 1.1.0 158.24 NOTE
r-devel-linux-x86_64-fedora-gcc 1.1.0 146.66 NOTE
r-devel-windows-x86_64 1.1.0 70.00 105.00 175.00 OK
r-patched-linux-x86_64 1.1.0 49.25 40.88 90.13 OK
r-release-linux-x86_64 1.0.6 45.38 40.36 85.74 OK
r-release-macos-arm64 1.0.6 35.00 OK
r-release-macos-x86_64 1.1.0 52.00 NOTE
r-release-windows-x86_64 1.1.0 79.00 93.00 172.00 OK
r-oldrel-macos-arm64 1.0.6 189.00 OK
r-oldrel-macos-x86_64 1.1.0 52.00 NOTE
r-oldrel-windows-ix86+x86_64 1.1.0 112.00 100.00 212.00 OK

Check Details

Version: 1.1.0
Check: dependencies in R code
Result: NOTE
    Namespaces in Imports field not imported from:
     ‘MASS’ ‘RcppProgress’
     All declared Imports should be used.
Flavors: r-devel-linux-x86_64-fedora-clang, r-devel-linux-x86_64-fedora-gcc, r-release-macos-x86_64, r-oldrel-macos-x86_64