CRAN Package Check Results for Package abbyyR

Last updated on 2022-05-26 06:55:34 CEST.

Flavor Version Tinstall Tcheck Ttotal Status Flags
r-devel-linux-x86_64-debian-clang 0.5.5 6.31 70.33 76.64 NOTE
r-devel-linux-x86_64-debian-gcc 0.5.5 6.81 60.35 67.16 NOTE
r-devel-linux-x86_64-fedora-clang 0.5.5 93.19 NOTE
r-devel-linux-x86_64-fedora-gcc 0.5.5 90.71 NOTE
r-devel-windows-x86_64 0.5.5 38.00 97.00 135.00 NOTE
r-patched-linux-x86_64 0.5.5 6.09 67.17 73.26 NOTE
r-release-linux-x86_64 0.5.5 NOTE
r-release-macos-arm64 0.5.5 27.00 NOTE
r-release-macos-x86_64 0.5.5 54.00 NOTE
r-release-windows-x86_64 0.5.5 44.00 99.00 143.00 NOTE
r-oldrel-macos-arm64 0.5.5 32.00 NOTE
r-oldrel-macos-x86_64 0.5.5 52.00 NOTE
r-oldrel-windows-ix86+x86_64 0.5.5 17.00 89.00 106.00 NOTE

Check Details

Version: 0.5.5
Check: LazyData
Result: NOTE
     'LazyData' is specified without a 'data' directory
Flavors: r-devel-linux-x86_64-debian-clang, r-devel-linux-x86_64-debian-gcc, r-devel-linux-x86_64-fedora-clang, r-devel-linux-x86_64-fedora-gcc, r-devel-windows-x86_64, r-patched-linux-x86_64, r-release-linux-x86_64, r-release-macos-arm64, r-release-macos-x86_64, r-release-windows-x86_64, r-oldrel-macos-arm64, r-oldrel-macos-x86_64, r-oldrel-windows-ix86+x86_64