CRAN Package Check Results for Package aGE

Last updated on 2022-01-23 07:13:51 CET.

Flavor Version Tinstall Tcheck Ttotal Status Flags
r-devel-linux-x86_64-debian-clang 0.0.9 2.95 41.28 44.23 NOTE
r-devel-linux-x86_64-debian-gcc 0.0.9 2.25 35.46 37.71 NOTE
r-devel-linux-x86_64-fedora-clang 0.0.9 54.13 NOTE
r-devel-linux-x86_64-fedora-gcc 0.0.9 42.41 NOTE
r-devel-windows-x86_64-new-UL 0.0.9 14.00 61.00 75.00 NOTE
r-devel-windows-x86_64-new-TK 0.0.9 NOTE
r-patched-linux-x86_64 0.0.9 2.59 38.88 41.47 NOTE
r-release-linux-x86_64 0.0.9 2.38 39.23 41.61 NOTE
r-release-macos-arm64 0.0.9 NOTE
r-release-macos-x86_64 0.0.9 NOTE
r-release-windows-ix86+x86_64 0.0.9 6.00 48.00 54.00 NOTE
r-oldrel-macos-x86_64 0.0.9 OK
r-oldrel-windows-ix86+x86_64 0.0.9 7.00 50.00 57.00 NOTE

Check Details

Version: 0.0.9
Check: LazyData
Result: NOTE
     'LazyData' is specified without a 'data' directory
Flavors: r-devel-linux-x86_64-debian-clang, r-devel-linux-x86_64-debian-gcc, r-devel-linux-x86_64-fedora-clang, r-devel-linux-x86_64-fedora-gcc, r-devel-windows-x86_64-new-UL, r-devel-windows-x86_64-new-TK, r-patched-linux-x86_64, r-release-linux-x86_64, r-release-macos-arm64, r-release-macos-x86_64, r-release-windows-ix86+x86_64

Version: 0.0.9
Check: package vignettes
Result: NOTE
    Package vignette with placeholder title 'Vignette Title':
     'About.Rmd'
Flavors: r-devel-linux-x86_64-debian-clang, r-devel-linux-x86_64-debian-gcc, r-devel-windows-x86_64-new-UL, r-patched-linux-x86_64, r-release-linux-x86_64, r-release-windows-ix86+x86_64, r-oldrel-windows-ix86+x86_64