CRAN Package Check Results for Package XICOR

Last updated on 2022-07-03 07:52:09 CEST.

Flavor Version Tinstall Tcheck Ttotal Status Flags
r-devel-linux-x86_64-debian-clang 0.3.3 1.38 27.42 28.80 NOTE
r-devel-linux-x86_64-debian-gcc 0.3.3 1.79 21.01 22.80 NOTE
r-devel-linux-x86_64-fedora-clang 0.3.3 45.64 NOTE
r-devel-linux-x86_64-fedora-gcc 0.3.3 44.63 NOTE
r-devel-windows-x86_64 0.3.3 7.00 51.00 58.00 NOTE
r-patched-linux-x86_64 0.3.3 1.86 26.11 27.97 NOTE
r-release-linux-x86_64 0.3.3 2.08 26.29 28.37 NOTE
r-release-macos-arm64 0.3.3 17.00 NOTE
r-release-macos-x86_64 0.3.3 21.00 NOTE
r-release-windows-x86_64 0.3.3 11.00 51.00 62.00 NOTE
r-oldrel-macos-arm64 0.3.3 20.00 NOTE
r-oldrel-macos-x86_64 0.3.3 30.00 NOTE
r-oldrel-windows-ix86+x86_64 0.3.3 5.00 43.00 48.00 NOTE

Check Details

Version: 0.3.3
Check: LazyData
Result: NOTE
     'LazyData' is specified without a 'data' directory
Flavors: r-devel-linux-x86_64-debian-clang, r-devel-linux-x86_64-debian-gcc, r-devel-linux-x86_64-fedora-clang, r-devel-linux-x86_64-fedora-gcc, r-devel-windows-x86_64, r-patched-linux-x86_64, r-release-linux-x86_64, r-release-macos-arm64, r-release-macos-x86_64, r-release-windows-x86_64, r-oldrel-macos-arm64, r-oldrel-macos-x86_64, r-oldrel-windows-ix86+x86_64

Version: 0.3.3
Check: dependencies in R code
Result: NOTE
    Namespace in Imports field not imported from: ‘psychTools’
     All declared Imports should be used.
Flavors: r-devel-linux-x86_64-fedora-clang, r-devel-linux-x86_64-fedora-gcc, r-release-macos-arm64, r-release-macos-x86_64, r-oldrel-macos-arm64, r-oldrel-macos-x86_64